{"id":47,"date":"2024-11-12T19:38:13","date_gmt":"2024-11-12T19:38:13","guid":{"rendered":"https:\/\/bip.splowez.pl\/?page_id=47"},"modified":"2025-03-27T22:14:16","modified_gmt":"2025-03-27T21:14:16","slug":"bip-splowez-pl","status":"publish","type":"page","link":"https:\/\/bip.splowez.pl\/","title":{"rendered":"bip.splowez.pl"},"content":{"rendered":"\n<div class=\"wp-block-group alignfull\"><div class=\"wp-block-group__inner-container is-layout-constrained wp-block-group-is-layout-constrained\">\n<div class=\"wp-block-group alignfull is-content-justification-space-between is-layout-flex wp-container-core-group-is-layout-5ba52033 wp-block-group-is-layout-flex\" style=\"padding-top:1em;padding-right:1em;padding-bottom:0em;padding-left:1em\">\n<div class=\"wp-block-group is-layout-flex wp-block-group-is-layout-flex\"><div class=\"wp-block-site-logo\"><a href=\"https:\/\/bip.splowez.pl\/\" class=\"custom-logo-link\" rel=\"home\"><img loading=\"lazy\" decoding=\"async\" width=\"60\" height=\"60\" src=\"https:\/\/bip.splowez.pl\/wp-content\/uploads\/2024\/05\/480px-Logo_BIP_uproszczone.svg_-1.png\" class=\"custom-logo\" alt=\"bip.splowez.pl\" srcset=\"https:\/\/bip.splowez.pl\/wp-content\/uploads\/2024\/05\/480px-Logo_BIP_uproszczone.svg_-1.png 480w, https:\/\/bip.splowez.pl\/wp-content\/uploads\/2024\/05\/480px-Logo_BIP_uproszczone.svg_-1-300x300.png 300w, https:\/\/bip.splowez.pl\/wp-content\/uploads\/2024\/05\/480px-Logo_BIP_uproszczone.svg_-1-150x150.png 150w\" sizes=\"auto, (max-width: 60px) 100vw, 60px\" \/><\/a><\/div>\n\n<h1 class=\"wp-block-site-title has-medium-font-size\"><a href=\"https:\/\/bip.splowez.pl\" target=\"_self\" rel=\"home\">bip.splowez.pl<\/a><\/h1><\/div>\n<\/div>\n<\/div><\/div>\n\n\n\n<div class=\"wp-block-group alignfull has-base-2-background-color has-background\" style=\"margin-top:0;margin-bottom:0;padding-top:var(--wp--preset--spacing--50);padding-right:var(--wp--preset--spacing--50);padding-bottom:var(--wp--preset--spacing--50);padding-left:var(--wp--preset--spacing--50)\"><div class=\"wp-block-group__inner-container is-layout-constrained wp-container-core-group-is-layout-2bafd31c wp-block-group-is-layout-constrained\">\n<div class=\"wp-block-group is-vertical is-content-justification-center is-layout-flex wp-container-core-group-is-layout-7681721f wp-block-group-is-layout-flex\">\n<h2 class=\"wp-block-heading has-text-align-center is-style-asterisk\">Szko\u0142a Podstawowa w P\u0142ow\u0119\u017cu<\/h2>\n\n\n\n<p>P\u0142ow\u0119\u017c 16<br>87-330 Jab\u0142onowo Pomorskie<br>tel. 564958096<br>e-mail: szkola.plowez@splowez.pl<br>adres e-PUAP: SPPlowez<br>adres do e-dor\u0119cze\u0144: AE:PL-39275-78774-IRGGS-30<\/p>\n<\/div>\n\n\n\n<div style=\"margin-top:0;margin-bottom:0;height:var(--wp--preset--spacing--40)\" aria-hidden=\"true\" class=\"wp-block-spacer\"><\/div>\n<\/div><\/div>\n","protected":false},"excerpt":{"rendered":"<p>Szko\u0142a Podstawowa w P\u0142ow\u0119\u017cu P\u0142ow\u0119\u017c 1687-330 Jab\u0142onowo Pomorskietel. 564958096e-mail: szkola.plowez@splowez.pladres e-PUAP: SPPlowezadres do e-dor\u0119cze\u0144: AE:PL-39275-78774-IRGGS-30<\/p>\n","protected":false},"author":1,"featured_media":0,"parent":0,"menu_order":0,"comment_status":"closed","ping_status":"closed","template":"","meta":{"footnotes":""},"class_list":["post-47","page","type-page","status-publish","hentry"],"_links":{"self":[{"href":"https:\/\/bip.splowez.pl\/index.php?rest_route=\/wp\/v2\/pages\/47","targetHints":{"allow":["GET"]}}],"collection":[{"href":"https:\/\/bip.splowez.pl\/index.php?rest_route=\/wp\/v2\/pages"}],"about":[{"href":"https:\/\/bip.splowez.pl\/index.php?rest_route=\/wp\/v2\/types\/page"}],"author":[{"embeddable":true,"href":"https:\/\/bip.splowez.pl\/index.php?rest_route=\/wp\/v2\/users\/1"}],"replies":[{"embeddable":true,"href":"https:\/\/bip.splowez.pl\/index.php?rest_route=%2Fwp%2Fv2%2Fcomments&post=47"}],"version-history":[{"count":5,"href":"https:\/\/bip.splowez.pl\/index.php?rest_route=\/wp\/v2\/pages\/47\/revisions"}],"predecessor-version":[{"id":105,"href":"https:\/\/bip.splowez.pl\/index.php?rest_route=\/wp\/v2\/pages\/47\/revisions\/105"}],"wp:attachment":[{"href":"https:\/\/bip.splowez.pl\/index.php?rest_route=%2Fwp%2Fv2%2Fmedia&parent=47"}],"curies":[{"name":"wp","href":"https:\/\/api.w.org\/{rel}","templated":true}]}}